a composite number?
True
Is 18899 composite?
False
Is 6761 a composite number?
False
Is 58933 prime?
False
Is 6995 composite?
True
Is 716063 prime?
True
Is 1465351 a composite number?
False
Is 67883 a composite number?
False
Is 784699 a prime number?
False
Is 395581 a prime number?
True
Is 593711 a composite number?
False
Is 66479 a prime number?
False
Is 307739 a composite number?
True
Is 15734 prime?
False
Is 13829 a composite number?
False
Is 635 a composite number?
True
Is 22367 a composite number?
False
Is 554231 prime?
False
Is 7717 composite?
False
Is 5078 prime?
False
Is 154009 a composite number?
True
Is 31121 composite?
False
Is 36913 prime?
True
Is 185581 a composite number?
True
Is 287449 prime?
True
Is 124617 a composite number?
True
Is 54121 composite?
False
Is 323497 a composite number?
True
Is 359 a composite number?
False
Is 74773 a composite number?
True
Is 5039 a prime number?
True
Is 555007 prime?
False
Is 228757 prime?
True
Is 36794 composite?
True
Is 64483 a prime number?
True
Is 160307 composite?
True
Is 142567 prime?
True
Is 919959 composite?
True
Is 104477 a composite number?
True
Is 82129 prime?
True
Is 2216471 a prime number?
True
Is 14951 composite?
False
Is 68461 a composite number?
True
Is 187849 composite?
True
Is 878003 a composite number?
True
Is 3761 composite?
False
Is 6247 a composite number?
False
Is 631 a prime number?
True
Is 9239 prime?
True
Is 299087 composite?
False
Is 54469 a prime number?
True
Is 102269 composite?
True
Is 323359 composite?
False
Is 3109 prime?
True
Is 53987 composite?
False
Is 21477 a composite number?
True
Is 1469 a prime number?
False
Is 193561 a prime number?
False
Is 379 prime?
True
Is 8513 a composite number?
False
Is 203531 prime?
True
Is 4049 a prime number?
True
Is 48171 composite?
True
Is 255499 prime?
True
Is 784039 prime?
True
Is 745 composite?
True
Is 1109951 a prime number?
True
Is 23315 prime?
False
Is 219179 a prime number?
False
Is 828123 composite?
True
Is 2032606 prime?
False
Is 3593 composite?
False
Is 5029 a composite number?
True
Is 17569 a prime number?
True
Is 583 prime?
False
Is 2927 composite?
False
Is 158863 a composite number?
False
Is 1282334 a prime number?
False
Is 125791 prime?
True
Is 22853 prime?
True
Is 57347 a prime number?
True
Is 5613 composite?
True
Is 138239 a prime number?
True
Is 14243 a composite number?
False
Is 178649 composite?
True
Is 7121 a prime number?
True
Is 39031 composite?
True
Is 105169 a composite number?
True
Is 2579 prime?
True
Is 42953 prime?
True
Is 150583 a composite number?
False
Is 21703 composite?
True
Is 102946 prime?
False
Is 5197 composite?
False
Is 1527 composite?
True
Is 154205 composite?
True
Is 13709 a composite number?
False
Is 424211 a composite number?
True
Is 613945 a prime number?
False
Is 27329 prime?
True
Is 338959 a composite number?
False
Is 102497 composite?
False
Is 719 a composite number?
False
Is 1423405 composite?
True
Is 61001 composite?
False
Is 801947 a prime number?
True
Is 11513 composite?
True
Is 1224637 composite?
False
Is 89753 composite?
False
Is 348727 prime?
False
Is 64871 prime?
True
Is 82349 composite?
False
Is 67 a prime number?
True
Is 121787 a composite number?
False
Is 232355 a prime number?
False
Is 2127 composite?
True
Is 5111 a prime number?
False
Is 410029 prime?
True
Is 1042 prime?
False
Is 340889 a prime number?
True
Is 2684293 a prime number?
True
Is 248569 composite?
False
Is 297901 composite?
True
Is 4799 a prime number?
True
Is 30427 a prime number?
True
Is 195581 composite?
False
Is 25717 composite?
False
Is 55921 prime?
True
Is 1686431 composite?
True
Is 114847 prime?
True
Is 21059 prime?
True
Is 29771 a composite number?
True
Is 3791 a prime number?
False
Is 11113 composite?
False
Is 3127 a prime number?
False
Is 12655 a prime number?
False
Is 440807 a composite number?
False
Is 153313 a prime number?
True
Is 238079 prime?
True
Is 1399 a composite number?
False
Is 7403 prime?
False
Is 41401 prime?
False
Is 722839 a composite number?
True
Is 1003019 prime?
True
Is 122242 composite?
True
Is 5513 a composite number?
True
Is 1539047 a prime number?
False
Is 728173 a prime number?
True
Is 4859 prime?
False
Is 7513 a composite number?
True
Is 55967 composite?
False
Is 32729 a prime number?
False
Is 21251 prime?
False
Is 213137 a composite number?
True
Is 343423 prime?
True
Is 39011 a composite number?
True
Is 15391 a prime number?
True
Is 138877 a composite number?
True
Is 361379 composite?
True
Is 632593 composite?
True
Is 9967 composite?
False
Is 61955 composite?
True
Is 2317 a prime number?
False
Is 1272035 prime?
False
Is 3847 prime?
True
Is 43417 a composite number?
True
Is 44683 composite?
False
Is 191 prime?
True
Is 2633 a composite number?
False
Is 24209 a prime number?
False
Is 42641 prime?
True
Is 184181 a prime number?
True
Is 20789 composite?
False
Is 44069 a composite number?
True
Is 451771 prime?
True
Is 182053 a prime number?
False
Is 138421 a composite number?
True
Is 336023 prime?
False
Is 74623 a composite number?
False
Is 383459 a composite number?
False
Is 26853 prime?
False
Is 214601 prime?
False
Is 197527 composite?
True
Is 4187 a composite number?
True
Is 77189 a composite number?
True
Is 432349 composite?
False
Is 80287 a composite number?
False
Is 7817 a prime number?
True
Is 69089 a composite number?
True
Is 904367 a composite number?
True
Is 572191 a prime number?
False
Is 2714873 composite?
True
Is 1299721 prime?
True
Is 6329 a composite number?
False
Is 6469 a composite number?
False
Is 471895 a prime number?
False
Is 89039 a prime number?
False
Is 152671 a prime number?
True
Is 8201 composite?
True
Is 951 a prime number?
False
Is 161621 composite?
True
Is 1199683 composite?
False
Is 108677 a composite number?
False
Is 1500181 a composite number?
False
Is 309623 a prime number?
True
Is 948009 prime?
False
Is 29059 a prime number?
True
Is 602711 composite?
False
Is 352267 composite?
False
Is 2547643 composite?
True
Is 6299 composite?
False
Is 294257 a composite number?
True
Is 68261 composite?
False
Is 10559 a prime number?
True
Is 134489 composite?
False
Is 139613 composite?
True
Is 244513 prime?
False
Is 39679 prime?
True
Is 7373 a composite number?
True
Is 465209 a composite number?
False
Is 49849 prime?
False
Is 5381 prime?
True
Is 340121 a prime number?
True
Is 7327 a prime number?
False
Is 385799 a prime number?
False
Is 358201 a prime number?
True
Is 32638 a composite number?
True
Is 18947 a prime number?
True
Is 7621 prime?
True
Is 693815 a prime number?
False
Is 432659 a prime number?
True
Is 7997 a prime number?
False
Is 183259 a composite number?
False
Is 8603 a prime number?
False
Is 271057 a prime number?
True
Is 91367 a composite number?
False
Is 1212611 a composite number?
False
Is 51 a composite number?
True
Is 16957 prime?
False
Is 729713 composite?
False
Is 37243 composite?
False
Is 3313 a prime number?
True
Is 92047 prime?
False
Is 37333 composite?
True
Is 75363 a composite number?
True
Is 83113 prime?
False
Is 112207 a composite number?
False
Is 47473 composite?
True
Is 204713 a composite number?
True
Is 44291 a composite number?
True
Is 17657 a prime number?
True
Is 45434 composite?
True
Is 173773 composite?
False
Is 3259299 a prime number?
False
Is 1029711 a prime number?
False
Is 32491 prime?
True
Is 42031 composite?
True
Is 2157187 a prime number?
True
Is 5755 composite?
True
Is 144139 a prime number?
True
Is 5227 a prime number?
True
Is 55466 composite?
True
Is 1594523 a prime number?
False
Is 58657 a composite number?
False
Is 335 a prime number?
False
Is 382443 a prime number?
False
Is 43207 prime?
True
Is 7297 a composite number?
False
Is 4393 prime?
False
Is 5141 composite?
True
Is 34157 a prime number?
True
Is 81727 a composite number?
False
Is 10079 prime?
True
Is 330817 a prime number?
False
Is 11513 a composite number?
True
Is 66287 composite?
True
Is 116731 a composite number?
False
Is 56243 composite?
True
Is 472841 prime?
False
Is 95911 prime?
True
Is 16199 a prime number?
False
Is 1541 prime?
False
Is 89413 a prime number?
True
Is 791031 prime?
False
Is 21001 a prime number?
True
Is 237977 a composite number?
False
Is 8923 a composite number?
False
Is 370523 prime?
False
Is 242789 a prime number?
True
Is 1585